{"id":11,"date":"2021-08-12T17:43:23","date_gmt":"2021-08-12T17:43:23","guid":{"rendered":"http:\/\/ekamia.eu\/blog\/?page_id=11"},"modified":"2025-09-04T08:40:10","modified_gmt":"2025-09-04T08:40:10","slug":"blog","status":"publish","type":"page","link":"https:\/\/ekamia.eu\/blog\/","title":{"rendered":"Blog"},"content":{"rendered":"\t\t<div data-elementor-type=\"wp-page\" data-elementor-id=\"11\" class=\"elementor elementor-11\" data-elementor-post-type=\"page\">\n\t\t\t\t\t\t<section class=\"elementor-section elementor-top-section elementor-element elementor-element-5376e12 elementor-section-boxed elementor-section-height-default elementor-section-height-default\" data-id=\"5376e12\" data-element_type=\"section\" data-e-type=\"section\">\n\t\t\t\t\t\t<div class=\"elementor-container elementor-column-gap-default\">\n\t\t\t\t\t<div class=\"elementor-column elementor-col-100 elementor-top-column elementor-element elementor-element-09fad26\" data-id=\"09fad26\" data-element_type=\"column\" data-e-type=\"column\">\n\t\t\t<div class=\"elementor-widget-wrap elementor-element-populated\">\n\t\t\t\t\t\t<div class=\"elementor-element elementor-element-9c6f727 elementor-widget elementor-widget-heading\" data-id=\"9c6f727\" data-element_type=\"widget\" data-e-type=\"widget\" data-widget_type=\"heading.default\">\n\t\t\t\t<div class=\"elementor-widget-container\">\n\t\t\t\t\t<h1 class=\"elementor-heading-title elementor-size-default\">Noticias y consejos de salud en el uso de camas articuladas el\u00e9ctricas<\/h1>\t\t\t\t<\/div>\n\t\t\t\t<\/div>\n\t\t\t\t<div class=\"elementor-element elementor-element-bd0397c elementor-grid-3 elementor-grid-tablet-2 elementor-grid-mobile-1 elementor-posts--thumbnail-top elementor-card-shadow-yes elementor-posts__hover-gradient elementor-widget elementor-widget-posts\" data-id=\"bd0397c\" data-element_type=\"widget\" data-e-type=\"widget\" data-settings=\"{&quot;pagination_type&quot;:&quot;load_more_infinite_scroll&quot;,&quot;cards_columns&quot;:&quot;3&quot;,&quot;cards_columns_tablet&quot;:&quot;2&quot;,&quot;cards_columns_mobile&quot;:&quot;1&quot;,&quot;cards_row_gap&quot;:{&quot;unit&quot;:&quot;px&quot;,&quot;size&quot;:35,&quot;sizes&quot;:[]},&quot;cards_row_gap_tablet&quot;:{&quot;unit&quot;:&quot;px&quot;,&quot;size&quot;:&quot;&quot;,&quot;sizes&quot;:[]},&quot;cards_row_gap_mobile&quot;:{&quot;unit&quot;:&quot;px&quot;,&quot;size&quot;:&quot;&quot;,&quot;sizes&quot;:[]},&quot;load_more_spinner&quot;:{&quot;value&quot;:&quot;fas fa-spinner&quot;,&quot;library&quot;:&quot;fa-solid&quot;}}\" data-widget_type=\"posts.cards\">\n\t\t\t\t<div class=\"elementor-widget-container\">\n\t\t\t\t\t\t\t<div class=\"elementor-posts-container elementor-posts elementor-posts--skin-cards elementor-grid\">\n\t\t\t\t<article class=\"elementor-post elementor-grid-item post-1118 post type-post status-publish format-standard has-post-thumbnail hentry category-camas-articuladas-electricas\">\n\t\t\t<div class=\"elementor-post__card\">\n\t\t\t\t<a class=\"elementor-post__thumbnail__link\" href=\"https:\/\/ekamia.eu\/blog\/comprar-una-cama-articulada-en-carrefour-o-directamente-en-ekamia-que-debes-tener-en-cuenta\/\" tabindex=\"-1\" ><div class=\"elementor-post__thumbnail\"><img fetchpriority=\"high\" decoding=\"async\" width=\"1024\" height=\"683\" src=\"https:\/\/ekamia.eu\/blog\/wp-content\/uploads\/2026\/04\/blogekamiacarrefour-1024x683.jpg\" class=\"attachment-large size-large wp-image-1136\" alt=\"\" srcset=\"https:\/\/ekamia.eu\/blog\/wp-content\/uploads\/2026\/04\/blogekamiacarrefour-1024x683.jpg 1024w, https:\/\/ekamia.eu\/blog\/wp-content\/uploads\/2026\/04\/blogekamiacarrefour-300x200.jpg 300w, https:\/\/ekamia.eu\/blog\/wp-content\/uploads\/2026\/04\/blogekamiacarrefour-768x512.jpg 768w, https:\/\/ekamia.eu\/blog\/wp-content\/uploads\/2026\/04\/blogekamiacarrefour.jpg 1536w\" sizes=\"(max-width: 1024px) 100vw, 1024px\" \/><\/div><\/a>\n\t\t\t\t<div class=\"elementor-post__text\">\n\t\t\t\t<h3 class=\"elementor-post__title\">\n\t\t\t<a href=\"https:\/\/ekamia.eu\/blog\/comprar-una-cama-articulada-en-carrefour-o-directamente-en-ekamia-que-debes-tener-en-cuenta\/\" >\n\t\t\t\tComprar una cama articulada en Carrefour o directamente en eKamia: qu\u00e9 debes tener en cuenta\t\t\t<\/a>\n\t\t<\/h3>\n\t\t\t\t<div class=\"elementor-post__excerpt\">\n\t\t\t<p>Comprar una cama articulada en Carrefour o directamente en eKamia: qu\u00e9 debes tener en cuenta Si est\u00e1s buscando una cama articulada, es normal que te<\/p>\n\t\t<\/div>\n\t\t\n\t\t<a class=\"elementor-post__read-more\" href=\"https:\/\/ekamia.eu\/blog\/comprar-una-cama-articulada-en-carrefour-o-directamente-en-ekamia-que-debes-tener-en-cuenta\/\" aria-label=\"M\u00e1s informaci\u00f3n sobre Comprar una cama articulada en Carrefour o directamente en eKamia: qu\u00e9 debes tener en cuenta\" tabindex=\"-1\" >\n\t\t\tLeer m\u00e1s \u00bb\t\t<\/a>\n\n\t\t\t\t<\/div>\n\t\t\t\t<div class=\"elementor-post__meta-data\">\n\t\t\t\t\t<span class=\"elementor-post-date\">\n\t\t\t17 de abril de 2026\t\t<\/span>\n\t\t\t\t<\/div>\n\t\t\t\t\t<\/div>\n\t\t<\/article>\n\t\t\t\t<article class=\"elementor-post elementor-grid-item post-1076 post type-post status-publish format-standard has-post-thumbnail hentry category-camas-articuladas-electricas\">\n\t\t\t<div class=\"elementor-post__card\">\n\t\t\t\t<a class=\"elementor-post__thumbnail__link\" href=\"https:\/\/ekamia.eu\/blog\/%f0%9f%9b%8f%ef%b8%8f-como-saber-si-necesitas-una-cama-articulada-en-casa\/\" tabindex=\"-1\" ><div class=\"elementor-post__thumbnail\"><img decoding=\"async\" width=\"1024\" height=\"683\" src=\"https:\/\/ekamia.eu\/blog\/wp-content\/uploads\/2026\/03\/ChatGPT-Image-23-mar-2026-11_55_10-1-1024x683.png\" class=\"attachment-large size-large wp-image-1085\" alt=\"\" srcset=\"https:\/\/ekamia.eu\/blog\/wp-content\/uploads\/2026\/03\/ChatGPT-Image-23-mar-2026-11_55_10-1-1024x683.png 1024w, https:\/\/ekamia.eu\/blog\/wp-content\/uploads\/2026\/03\/ChatGPT-Image-23-mar-2026-11_55_10-1-300x200.png 300w, https:\/\/ekamia.eu\/blog\/wp-content\/uploads\/2026\/03\/ChatGPT-Image-23-mar-2026-11_55_10-1-768x512.png 768w, https:\/\/ekamia.eu\/blog\/wp-content\/uploads\/2026\/03\/ChatGPT-Image-23-mar-2026-11_55_10-1.png 1536w\" sizes=\"(max-width: 1024px) 100vw, 1024px\" \/><\/div><\/a>\n\t\t\t\t<div class=\"elementor-post__text\">\n\t\t\t\t<h3 class=\"elementor-post__title\">\n\t\t\t<a href=\"https:\/\/ekamia.eu\/blog\/%f0%9f%9b%8f%ef%b8%8f-como-saber-si-necesitas-una-cama-articulada-en-casa\/\" >\n\t\t\t\t\ud83d\udecf\ufe0f C\u00f3mo saber si necesitas una cama articulada en casa\t\t\t<\/a>\n\t\t<\/h3>\n\t\t\t\t<div class=\"elementor-post__excerpt\">\n\t\t\t<p>\ud83d\udecf\ufe0f C\u00f3mo saber si necesitas una cama articulada en casa Cada vez m\u00e1s personas se plantean incorporar una cama articulada en casa, pero muchas veces<\/p>\n\t\t<\/div>\n\t\t\n\t\t<a class=\"elementor-post__read-more\" href=\"https:\/\/ekamia.eu\/blog\/%f0%9f%9b%8f%ef%b8%8f-como-saber-si-necesitas-una-cama-articulada-en-casa\/\" aria-label=\"M\u00e1s informaci\u00f3n sobre \ud83d\udecf\ufe0f C\u00f3mo saber si necesitas una cama articulada en casa\" tabindex=\"-1\" >\n\t\t\tLeer m\u00e1s \u00bb\t\t<\/a>\n\n\t\t\t\t<\/div>\n\t\t\t\t<div class=\"elementor-post__meta-data\">\n\t\t\t\t\t<span class=\"elementor-post-date\">\n\t\t\t23 de marzo de 2026\t\t<\/span>\n\t\t\t\t<\/div>\n\t\t\t\t\t<\/div>\n\t\t<\/article>\n\t\t\t\t<article class=\"elementor-post elementor-grid-item post-1060 post type-post status-publish format-standard has-post-thumbnail hentry category-camas-articuladas-electricas\">\n\t\t\t<div class=\"elementor-post__card\">\n\t\t\t\t<a class=\"elementor-post__thumbnail__link\" href=\"https:\/\/ekamia.eu\/blog\/%f0%9f%9b%8f%ef%b8%8f-como-una-cama-articulada-puede-hacer-tu-dormitorio-mas-bonito-moderno-y-funcional\/\" tabindex=\"-1\" ><div class=\"elementor-post__thumbnail\"><img decoding=\"async\" width=\"1024\" height=\"683\" src=\"https:\/\/ekamia.eu\/blog\/wp-content\/uploads\/2026\/01\/ChatGPT-Image-20-ene-2026-10_40_35-1024x683.jpg\" class=\"attachment-large size-large wp-image-1072\" alt=\"\" srcset=\"https:\/\/ekamia.eu\/blog\/wp-content\/uploads\/2026\/01\/ChatGPT-Image-20-ene-2026-10_40_35-1024x683.jpg 1024w, https:\/\/ekamia.eu\/blog\/wp-content\/uploads\/2026\/01\/ChatGPT-Image-20-ene-2026-10_40_35-300x200.jpg 300w, https:\/\/ekamia.eu\/blog\/wp-content\/uploads\/2026\/01\/ChatGPT-Image-20-ene-2026-10_40_35-768x512.jpg 768w, https:\/\/ekamia.eu\/blog\/wp-content\/uploads\/2026\/01\/ChatGPT-Image-20-ene-2026-10_40_35.jpg 1536w\" sizes=\"(max-width: 1024px) 100vw, 1024px\" \/><\/div><\/a>\n\t\t\t\t<div class=\"elementor-post__text\">\n\t\t\t\t<h3 class=\"elementor-post__title\">\n\t\t\t<a href=\"https:\/\/ekamia.eu\/blog\/%f0%9f%9b%8f%ef%b8%8f-como-una-cama-articulada-puede-hacer-tu-dormitorio-mas-bonito-moderno-y-funcional\/\" >\n\t\t\t\t\ud83d\udecf\ufe0f C\u00f3mo una cama articulada puede hacer tu dormitorio m\u00e1s bonito, moderno y funcional\t\t\t<\/a>\n\t\t<\/h3>\n\t\t\t\t<div class=\"elementor-post__excerpt\">\n\t\t\t<p>\ud83d\udecf\ufe0f C\u00f3mo una cama articulada puede hacer tu dormitorio m\u00e1s bonito, moderno y funcionalde cabecera Durante a\u00f1os, las camas articuladas han estado asociadas \u00fanicamente al<\/p>\n\t\t<\/div>\n\t\t\n\t\t<a class=\"elementor-post__read-more\" href=\"https:\/\/ekamia.eu\/blog\/%f0%9f%9b%8f%ef%b8%8f-como-una-cama-articulada-puede-hacer-tu-dormitorio-mas-bonito-moderno-y-funcional\/\" aria-label=\"M\u00e1s informaci\u00f3n sobre \ud83d\udecf\ufe0f C\u00f3mo una cama articulada puede hacer tu dormitorio m\u00e1s bonito, moderno y funcional\" tabindex=\"-1\" >\n\t\t\tLeer m\u00e1s \u00bb\t\t<\/a>\n\n\t\t\t\t<\/div>\n\t\t\t\t<div class=\"elementor-post__meta-data\">\n\t\t\t\t\t<span class=\"elementor-post-date\">\n\t\t\t20 de enero de 2026\t\t<\/span>\n\t\t\t\t<\/div>\n\t\t\t\t\t<\/div>\n\t\t<\/article>\n\t\t\t\t<article class=\"elementor-post elementor-grid-item post-1050 post type-post status-publish format-standard has-post-thumbnail hentry category-camas-geriatricas-y-hospitalarias\">\n\t\t\t<div class=\"elementor-post__card\">\n\t\t\t\t<a class=\"elementor-post__thumbnail__link\" href=\"https:\/\/ekamia.eu\/blog\/%f0%9f%9b%8f%ef%b8%8f-cuidados-diarios-a-un-enfermo-encamado-de-larga-duracion\/\" tabindex=\"-1\" ><div class=\"elementor-post__thumbnail\"><img loading=\"lazy\" decoding=\"async\" width=\"1024\" height=\"1024\" src=\"https:\/\/ekamia.eu\/blog\/wp-content\/uploads\/2025\/10\/blogekamia2.jpg\" class=\"attachment-large size-large wp-image-1056\" alt=\"\" srcset=\"https:\/\/ekamia.eu\/blog\/wp-content\/uploads\/2025\/10\/blogekamia2.jpg 1024w, https:\/\/ekamia.eu\/blog\/wp-content\/uploads\/2025\/10\/blogekamia2-300x300.jpg 300w, https:\/\/ekamia.eu\/blog\/wp-content\/uploads\/2025\/10\/blogekamia2-150x150.jpg 150w, https:\/\/ekamia.eu\/blog\/wp-content\/uploads\/2025\/10\/blogekamia2-768x768.jpg 768w\" sizes=\"(max-width: 1024px) 100vw, 1024px\" \/><\/div><\/a>\n\t\t\t\t<div class=\"elementor-post__text\">\n\t\t\t\t<h3 class=\"elementor-post__title\">\n\t\t\t<a href=\"https:\/\/ekamia.eu\/blog\/%f0%9f%9b%8f%ef%b8%8f-cuidados-diarios-a-un-enfermo-encamado-de-larga-duracion\/\" >\n\t\t\t\t\ud83d\udecf\ufe0f Cuidados diarios a un enfermo encamado de larga duraci\u00f3n\t\t\t<\/a>\n\t\t<\/h3>\n\t\t\t\t<div class=\"elementor-post__excerpt\">\n\t\t\t<p>\ud83d\udecf\ufe0f Cuidados diarios a un enfermo encamado de larga duraci\u00f3n y c\u00f3mo una cama geri\u00e1trica puede marcar la diferencia Cuidar a una persona encamada durante<\/p>\n\t\t<\/div>\n\t\t\n\t\t<a class=\"elementor-post__read-more\" href=\"https:\/\/ekamia.eu\/blog\/%f0%9f%9b%8f%ef%b8%8f-cuidados-diarios-a-un-enfermo-encamado-de-larga-duracion\/\" aria-label=\"M\u00e1s informaci\u00f3n sobre \ud83d\udecf\ufe0f Cuidados diarios a un enfermo encamado de larga duraci\u00f3n\" tabindex=\"-1\" >\n\t\t\tLeer m\u00e1s \u00bb\t\t<\/a>\n\n\t\t\t\t<\/div>\n\t\t\t\t<div class=\"elementor-post__meta-data\">\n\t\t\t\t\t<span class=\"elementor-post-date\">\n\t\t\t15 de octubre de 2025\t\t<\/span>\n\t\t\t\t<\/div>\n\t\t\t\t\t<\/div>\n\t\t<\/article>\n\t\t\t\t<article class=\"elementor-post elementor-grid-item post-958 post type-post status-publish format-standard has-post-thumbnail hentry category-camas-articuladas-electricas\">\n\t\t\t<div class=\"elementor-post__card\">\n\t\t\t\t<a class=\"elementor-post__thumbnail__link\" href=\"https:\/\/ekamia.eu\/blog\/recupera-tu-movilidad-cervical-ejercicios-efectivos-para-liberar-el-cuello-rigido\/\" tabindex=\"-1\" ><div class=\"elementor-post__thumbnail\"><img loading=\"lazy\" decoding=\"async\" width=\"1024\" height=\"683\" src=\"https:\/\/ekamia.eu\/blog\/wp-content\/uploads\/2025\/07\/blogcuello-1024x683.jpg\" class=\"attachment-large size-large wp-image-966\" alt=\"\" srcset=\"https:\/\/ekamia.eu\/blog\/wp-content\/uploads\/2025\/07\/blogcuello-1024x683.jpg 1024w, https:\/\/ekamia.eu\/blog\/wp-content\/uploads\/2025\/07\/blogcuello-300x200.jpg 300w, https:\/\/ekamia.eu\/blog\/wp-content\/uploads\/2025\/07\/blogcuello-768x512.jpg 768w, https:\/\/ekamia.eu\/blog\/wp-content\/uploads\/2025\/07\/blogcuello.jpg 1536w\" sizes=\"(max-width: 1024px) 100vw, 1024px\" \/><\/div><\/a>\n\t\t\t\t<div class=\"elementor-post__text\">\n\t\t\t\t<h3 class=\"elementor-post__title\">\n\t\t\t<a href=\"https:\/\/ekamia.eu\/blog\/recupera-tu-movilidad-cervical-ejercicios-efectivos-para-liberar-el-cuello-rigido\/\" >\n\t\t\t\tRecupera tu movilidad cervical: ejercicios efectivos para liberar el cuello r\u00edgido\t\t\t<\/a>\n\t\t<\/h3>\n\t\t\t\t<div class=\"elementor-post__excerpt\">\n\t\t\t<p>Adem\u00e1s de los ejercicios y de una buena higiene postural, el entorno de descanso tambi\u00e9n influye. Cuando cuesta encontrar una postura c\u00f3moda para descansar o<\/p>\n\t\t<\/div>\n\t\t\n\t\t<a class=\"elementor-post__read-more\" href=\"https:\/\/ekamia.eu\/blog\/recupera-tu-movilidad-cervical-ejercicios-efectivos-para-liberar-el-cuello-rigido\/\" aria-label=\"M\u00e1s informaci\u00f3n sobre Recupera tu movilidad cervical: ejercicios efectivos para liberar el cuello r\u00edgido\" tabindex=\"-1\" >\n\t\t\tLeer m\u00e1s \u00bb\t\t<\/a>\n\n\t\t\t\t<\/div>\n\t\t\t\t<div class=\"elementor-post__meta-data\">\n\t\t\t\t\t<span class=\"elementor-post-date\">\n\t\t\t21 de julio de 2025\t\t<\/span>\n\t\t\t\t<\/div>\n\t\t\t\t\t<\/div>\n\t\t<\/article>\n\t\t\t\t<article class=\"elementor-post elementor-grid-item post-925 post type-post status-publish format-standard has-post-thumbnail hentry category-camas-articuladas-electricas\">\n\t\t\t<div class=\"elementor-post__card\">\n\t\t\t\t<a class=\"elementor-post__thumbnail__link\" href=\"https:\/\/ekamia.eu\/blog\/camas-geriatricas-comodidad-salud-y-cuidado-seguro-para-nuestros-mayores\/\" tabindex=\"-1\" ><div class=\"elementor-post__thumbnail\"><img loading=\"lazy\" decoding=\"async\" width=\"1024\" height=\"683\" src=\"https:\/\/ekamia.eu\/blog\/wp-content\/uploads\/2025\/07\/imagen-blog-1024x683.jpg\" class=\"attachment-large size-large wp-image-944\" alt=\"\" srcset=\"https:\/\/ekamia.eu\/blog\/wp-content\/uploads\/2025\/07\/imagen-blog-1024x683.jpg 1024w, https:\/\/ekamia.eu\/blog\/wp-content\/uploads\/2025\/07\/imagen-blog-300x200.jpg 300w, https:\/\/ekamia.eu\/blog\/wp-content\/uploads\/2025\/07\/imagen-blog-768x512.jpg 768w, https:\/\/ekamia.eu\/blog\/wp-content\/uploads\/2025\/07\/imagen-blog.jpg 1536w\" sizes=\"(max-width: 1024px) 100vw, 1024px\" \/><\/div><\/a>\n\t\t\t\t<div class=\"elementor-post__text\">\n\t\t\t\t<h3 class=\"elementor-post__title\">\n\t\t\t<a href=\"https:\/\/ekamia.eu\/blog\/camas-geriatricas-comodidad-salud-y-cuidado-seguro-para-nuestros-mayores\/\" >\n\t\t\t\tCamas geri\u00e1tricas: comodidad, salud y cuidado seguro para nuestros mayores\t\t\t<\/a>\n\t\t<\/h3>\n\t\t\t\t<div class=\"elementor-post__excerpt\">\n\t\t\t<p>\u00bfCuidas de una persona mayor que pasa muchas horas en cama?\u00a0\u00bfTe preocupa su comodidad, su seguridad y tu propia salud como cuidador? Las camas geri\u00e1tricas<\/p>\n\t\t<\/div>\n\t\t\n\t\t<a class=\"elementor-post__read-more\" href=\"https:\/\/ekamia.eu\/blog\/camas-geriatricas-comodidad-salud-y-cuidado-seguro-para-nuestros-mayores\/\" aria-label=\"M\u00e1s informaci\u00f3n sobre Camas geri\u00e1tricas: comodidad, salud y cuidado seguro para nuestros mayores\" tabindex=\"-1\" >\n\t\t\tLeer m\u00e1s \u00bb\t\t<\/a>\n\n\t\t\t\t<\/div>\n\t\t\t\t<div class=\"elementor-post__meta-data\">\n\t\t\t\t\t<span class=\"elementor-post-date\">\n\t\t\t14 de julio de 2025\t\t<\/span>\n\t\t\t\t<\/div>\n\t\t\t\t\t<\/div>\n\t\t<\/article>\n\t\t\t\t<\/div>\n\t\t\t\t\t<span class=\"e-load-more-spinner\">\n\t\t\t\t<i aria-hidden=\"true\" class=\"fas fa-spinner\"><\/i>\t\t\t<\/span>\n\t\t\n\t\t\t\t<div class=\"e-load-more-anchor\" data-page=\"1\" data-max-page=\"10\" data-next-page=\"https:\/\/ekamia.eu\/blog\/wp-json\/wp\/v2\/pages\/11\/page\/2\/\"><\/div>\n\t\t\t\t<div class=\"e-load-more-message\"><\/div>\n\t\t\t\t\t\t<\/div>\n\t\t\t\t<\/div>\n\t\t\t\t\t<\/div>\n\t\t<\/div>\n\t\t\t\t\t<\/div>\n\t\t<\/section>\n\t\t\t\t<\/div>\n\t\t","protected":false},"excerpt":{"rendered":"<p>Noticias y consejos de salud en el uso de camas articuladas el\u00e9ctricas<\/p>\n","protected":false},"author":1,"featured_media":0,"parent":0,"menu_order":0,"comment_status":"closed","ping_status":"closed","template":"","meta":{"site-sidebar-layout":"no-sidebar","site-content-layout":"page-builder","ast-site-content-layout":"full-width-container","site-content-style":"unboxed","site-sidebar-style":"unboxed","ast-global-header-display":"","ast-banner-title-visibility":"","ast-main-header-display":"","ast-hfb-above-header-display":"","ast-hfb-below-header-display":"","ast-hfb-mobile-header-display":"","site-post-title":"disabled","ast-breadcrumbs-content":"","ast-featured-img":"disabled","footer-sml-layout":"","theme-transparent-header-meta":"default","adv-header-id-meta":"","stick-header-meta":"","header-above-stick-meta":"","header-main-stick-meta":"","header-below-stick-meta":"","astra-migrate-meta-layouts":"set","ast-page-background-enabled":"default","ast-page-background-meta":{"desktop":{"background-color":"var(--ast-global-color-4)","background-image":"","background-repeat":"repeat","background-position":"center center","background-size":"auto","background-attachment":"scroll","background-type":"","background-media":"","overlay-type":"","overlay-color":"","overlay-opacity":"","overlay-gradient":""},"tablet":{"background-color":"","background-image":"","background-repeat":"repeat","background-position":"center center","background-size":"auto","background-attachment":"scroll","background-type":"","background-media":"","overlay-type":"","overlay-color":"","overlay-opacity":"","overlay-gradient":""},"mobile":{"background-color":"","background-image":"","background-repeat":"repeat","background-position":"center center","background-size":"auto","background-attachment":"scroll","background-type":"","background-media":"","overlay-type":"","overlay-color":"","overlay-opacity":"","overlay-gradient":""}},"ast-content-background-meta":{"desktop":{"background-color":"var(--ast-global-color-5)","background-image":"","background-repeat":"repeat","background-position":"center center","background-size":"auto","background-attachment":"scroll","background-type":"","background-media":"","overlay-type":"","overlay-color":"","overlay-opacity":"","overlay-gradient":""},"tablet":{"background-color":"var(--ast-global-color-5)","background-image":"","background-repeat":"repeat","background-position":"center center","background-size":"auto","background-attachment":"scroll","background-type":"","background-media":"","overlay-type":"","overlay-color":"","overlay-opacity":"","overlay-gradient":""},"mobile":{"background-color":"var(--ast-global-color-5)","background-image":"","background-repeat":"repeat","background-position":"center center","background-size":"auto","background-attachment":"scroll","background-type":"","background-media":"","overlay-type":"","overlay-color":"","overlay-opacity":"","overlay-gradient":""}},"_joinchat":[],"footnotes":""},"class_list":["post-11","page","type-page","status-publish","hentry"],"yoast_head":"<!-- This site is optimized with the Yoast SEO plugin v25.4 - https:\/\/yoast.com\/wordpress\/plugins\/seo\/ -->\n<title>Blog Ekamia | Salud, Descanso y Bienestar con Camas Articuladas<\/title>\n<meta name=\"description\" content=\"Descubre en el blog de Ekamia consejos sobre salud postural, movilidad, cuidado geri\u00e1trico y bienestar. Aprende c\u00f3mo una cama articulada puede mejorar tu calidad de vida.\" \/>\n<meta name=\"robots\" content=\"index, follow, max-snippet:-1, max-image-preview:large, max-video-preview:-1\" \/>\n<link rel=\"canonical\" href=\"https:\/\/ekamia.eu\/blog\/\" \/>\n<meta property=\"og:locale\" content=\"es_ES\" \/>\n<meta property=\"og:type\" content=\"article\" \/>\n<meta property=\"og:title\" content=\"Blog Ekamia | Salud, Descanso y Bienestar con Camas Articuladas\" \/>\n<meta property=\"og:description\" content=\"Descubre en el blog de Ekamia consejos sobre salud postural, movilidad, cuidado geri\u00e1trico y bienestar. Aprende c\u00f3mo una cama articulada puede mejorar tu calidad de vida.\" \/>\n<meta property=\"og:url\" content=\"https:\/\/ekamia.eu\/blog\/\" \/>\n<meta property=\"article:modified_time\" content=\"2025-09-04T08:40:10+00:00\" \/>\n<meta name=\"twitter:card\" content=\"summary_large_image\" \/>\n<meta name=\"twitter:label1\" content=\"Tiempo de lectura\" \/>\n\t<meta name=\"twitter:data1\" content=\"7 minutos\" \/>\n<script type=\"application\/ld+json\" class=\"yoast-schema-graph\">{\"@context\":\"https:\/\/schema.org\",\"@graph\":[{\"@type\":\"WebPage\",\"@id\":\"https:\/\/ekamia.eu\/blog\/\",\"url\":\"https:\/\/ekamia.eu\/blog\/\",\"name\":\"Blog Ekamia | Salud, Descanso y Bienestar con Camas Articuladas\",\"isPartOf\":{\"@id\":\"https:\/\/ekamia.eu\/blog\/#website\"},\"datePublished\":\"2021-08-12T17:43:23+00:00\",\"dateModified\":\"2025-09-04T08:40:10+00:00\",\"description\":\"Descubre en el blog de Ekamia consejos sobre salud postural, movilidad, cuidado geri\u00e1trico y bienestar. Aprende c\u00f3mo una cama articulada puede mejorar tu calidad de vida.\",\"breadcrumb\":{\"@id\":\"https:\/\/ekamia.eu\/blog\/#breadcrumb\"},\"inLanguage\":\"es\",\"potentialAction\":[{\"@type\":\"ReadAction\",\"target\":[\"https:\/\/ekamia.eu\/blog\/\"]}]},{\"@type\":\"BreadcrumbList\",\"@id\":\"https:\/\/ekamia.eu\/blog\/#breadcrumb\",\"itemListElement\":[{\"@type\":\"ListItem\",\"position\":1,\"name\":\"Portada\",\"item\":\"https:\/\/ekamia.eu\/blog\/\"},{\"@type\":\"ListItem\",\"position\":2,\"name\":\"Blog\"}]},{\"@type\":\"WebSite\",\"@id\":\"https:\/\/ekamia.eu\/blog\/#website\",\"url\":\"https:\/\/ekamia.eu\/blog\/\",\"name\":\"\",\"description\":\"\",\"potentialAction\":[{\"@type\":\"SearchAction\",\"target\":{\"@type\":\"EntryPoint\",\"urlTemplate\":\"https:\/\/ekamia.eu\/blog\/?s={search_term_string}\"},\"query-input\":{\"@type\":\"PropertyValueSpecification\",\"valueRequired\":true,\"valueName\":\"search_term_string\"}}],\"inLanguage\":\"es\"}]}<\/script>\n<!-- \/ Yoast SEO plugin. -->","yoast_head_json":{"title":"Blog Ekamia | Salud, Descanso y Bienestar con Camas Articuladas","description":"Descubre en el blog de Ekamia consejos sobre salud postural, movilidad, cuidado geri\u00e1trico y bienestar. Aprende c\u00f3mo una cama articulada puede mejorar tu calidad de vida.","robots":{"index":"index","follow":"follow","max-snippet":"max-snippet:-1","max-image-preview":"max-image-preview:large","max-video-preview":"max-video-preview:-1"},"canonical":"https:\/\/ekamia.eu\/blog\/","og_locale":"es_ES","og_type":"article","og_title":"Blog Ekamia | Salud, Descanso y Bienestar con Camas Articuladas","og_description":"Descubre en el blog de Ekamia consejos sobre salud postural, movilidad, cuidado geri\u00e1trico y bienestar. Aprende c\u00f3mo una cama articulada puede mejorar tu calidad de vida.","og_url":"https:\/\/ekamia.eu\/blog\/","article_modified_time":"2025-09-04T08:40:10+00:00","twitter_card":"summary_large_image","twitter_misc":{"Tiempo de lectura":"7 minutos"},"schema":{"@context":"https:\/\/schema.org","@graph":[{"@type":"WebPage","@id":"https:\/\/ekamia.eu\/blog\/","url":"https:\/\/ekamia.eu\/blog\/","name":"Blog Ekamia | Salud, Descanso y Bienestar con Camas Articuladas","isPartOf":{"@id":"https:\/\/ekamia.eu\/blog\/#website"},"datePublished":"2021-08-12T17:43:23+00:00","dateModified":"2025-09-04T08:40:10+00:00","description":"Descubre en el blog de Ekamia consejos sobre salud postural, movilidad, cuidado geri\u00e1trico y bienestar. Aprende c\u00f3mo una cama articulada puede mejorar tu calidad de vida.","breadcrumb":{"@id":"https:\/\/ekamia.eu\/blog\/#breadcrumb"},"inLanguage":"es","potentialAction":[{"@type":"ReadAction","target":["https:\/\/ekamia.eu\/blog\/"]}]},{"@type":"BreadcrumbList","@id":"https:\/\/ekamia.eu\/blog\/#breadcrumb","itemListElement":[{"@type":"ListItem","position":1,"name":"Portada","item":"https:\/\/ekamia.eu\/blog\/"},{"@type":"ListItem","position":2,"name":"Blog"}]},{"@type":"WebSite","@id":"https:\/\/ekamia.eu\/blog\/#website","url":"https:\/\/ekamia.eu\/blog\/","name":"","description":"","potentialAction":[{"@type":"SearchAction","target":{"@type":"EntryPoint","urlTemplate":"https:\/\/ekamia.eu\/blog\/?s={search_term_string}"},"query-input":{"@type":"PropertyValueSpecification","valueRequired":true,"valueName":"search_term_string"}}],"inLanguage":"es"}]}},"_links":{"self":[{"href":"https:\/\/ekamia.eu\/blog\/wp-json\/wp\/v2\/pages\/11","targetHints":{"allow":["GET"]}}],"collection":[{"href":"https:\/\/ekamia.eu\/blog\/wp-json\/wp\/v2\/pages"}],"about":[{"href":"https:\/\/ekamia.eu\/blog\/wp-json\/wp\/v2\/types\/page"}],"author":[{"embeddable":true,"href":"https:\/\/ekamia.eu\/blog\/wp-json\/wp\/v2\/users\/1"}],"replies":[{"embeddable":true,"href":"https:\/\/ekamia.eu\/blog\/wp-json\/wp\/v2\/comments?post=11"}],"version-history":[{"count":38,"href":"https:\/\/ekamia.eu\/blog\/wp-json\/wp\/v2\/pages\/11\/revisions"}],"predecessor-version":[{"id":1047,"href":"https:\/\/ekamia.eu\/blog\/wp-json\/wp\/v2\/pages\/11\/revisions\/1047"}],"wp:attachment":[{"href":"https:\/\/ekamia.eu\/blog\/wp-json\/wp\/v2\/media?parent=11"}],"curies":[{"name":"wp","href":"https:\/\/api.w.org\/{rel}","templated":true}]}}